+ -114. Let b be (-2 - r)*(-5 + 3). Let n(h) = -3*h**3 + 2*h**2 - 2*h + 1. Give n(b).
-19
Let j(n) be the third derivative of n**5/60 - 5*n**4/8 + 2*n**3 + 2*n**2 - 21*n. Let a be j(14). Let v(f) = -f**3 - f + 1. What is v(a)?
11
Let u(q) = -31*q - 328 + 10*q + 493. What is u(6)?
39
Let y(n) = 33*n + 246. Suppose q + 28 = -3*v, -1631*q + 64 = -9*v - 1629*q. Calculate y(v).
-18
Suppose -107 = -112*t + 5. Let v(z) = 10*z + 1. Determine v(t).
11
Let x be (-30)/8 - ((-88)/(-704) - 2/(-16)). Let l(u) = 5*u**2 + 6*u - 52. What is l(x)?
4
Suppose -7*a = -5*h + 14, -3*h = 5*a + 8 - 44. Let n(b) = b**3 - 8*b**2 + 3*b - 2. Give n(h).
-30
Let d(z) = z**3 - 5*z**2 + 3*z - 5. Suppose 3*i + 5 = 4*i. Let c(h) = -h**2 + 6*h. Let g be c(i). Determine d(g).
10
Let p(o) be the second derivative of o**3/3 - o**2/2 + 6*o. Suppose 0 = 5*s - s + 280. Let c = s + 64. What is p(c)?
-13
Suppose -5*y = 5*l - 40, -2*y = 5*l + y - 44. Let u(q) = q**3 - 11*q**2 + 10*q + 6. Let h be u(l). Let k(t) = -t**3 + 5*t**2 + 4*t - 4. Give k(h).
-16
Let k(w) = -25*w - w**3 + 29*w - 4*w**3 + 4*w**3 - 4. What is k(-3)?
11
Let s = 1325 - 693. Let u = s - 611. Let o(d) = d - 25. What is o(u)?
-4
Let q(b) = b**3 + 10*b**2 + 9*b + 11. Let t be (-26)/(-6) - (-8)/96*8. Let y be -1 - (-56)/((-35)/t). Give q(y).
11
Let d(f) be the first derivative of -f**4/12 + 7*f**3/6 + f**2 - 55*f - 105. Let n(g) be the first derivative of d(g). Give n(5).
12
Suppose p + 2*d - 7 = 0, 2*d - 5*d = 5*p - 21. Let w(c) = c - 614*c**p - 1 + 306*c**3 + 304*c**3 + c**2. What is w(-2)?
33
Let b(d) = 2*d**3 - 4*d + 6. Let i be b(2). Let p be i/((-98)/(-21)) - (0 + 0). Let u(m) = 3*m**2 - 3*m + 4. What is u(p)?
22
Let z(g) = 29*g + 8. Let m(x) = 54*x + 15. Let v = -193 - -187. Let o(u) = v*m(u) + 11*z(u). Calculate o(0).
-2
Suppose -12*k + 1 = 73. Let j(p) = -7*p - 31. Calculate j(k).
11
Let n(d) = 9*d + 3. Let y(m) = 31*m + 15. Let c(a) = -63*a - 31. Let i(r) = 6*c(r) + 13*y(r). Let v(p) = 4*i(p) - 11*n(p). Calculate v(1).
4
Let j(r) = r**2 - 5*r + 8. Suppose 3*u = -2*k + 1968, -3*u - 2271 - 2691 = -5*k. Suppose k = 11*a - 0*a. Let t be (-33)/77 + a/14. Give j(t).
14
Let p = 1886 + -1893. Let c(t) = 2*t**2 + 7*t - 9. Calculate c(p).
40
Let a(q) be the second derivative of 0 + 0*q**2 + 1/20*q**5 - 1/2*q**4 + 1/6*q**3 - 12*q. Let f be (-12)/(-30) + (228/30 - 2). Calculate a(f).
6
Let o be 6/60*5 + (-7)/(-2). Let k(x) = 10 + 15 + 4*x - 27 + 2*x. Give k(o).
22
Let d(q) = -4*q + 3*q + 5*q**2 - 10*q**3 + 5*q + 11*q**3 + 0*q - 19. What is d(-4)?
-19
Let k(v) be the first derivative of -7*v**2/2 - 32*v - 11. Calculate k(-6).
10
Let d(c) = -c - 2. Let j be ((-16)/(-6))/(6/18). Let q = -19 + j. Determine d(q).
9
Let l(z) = 16*z + 196. Let j(w) = 27*w + 193. Let o(f) = -4*j(f) + 5*l(f). What is o(8)?
-16
Suppose -100 = 4*f - 4*l - 72, -5*f - 2*l = 21. Let g(b) = -b**3 - 5*b**2 - 3*b - 11. Determine g(f).
4
Let q(p) be the second derivative of -5*p + 0 - 4*p**2 - 1/12*p**4 + 1/6*p**3. Suppose 0 = -0*z + z. Give q(z).
-8
Suppose 0 = -135*j - 136*j + 813. Let z(i) be the second derivative of 0 + 1/6*i**j - 36*i - 3*i**2. What is z(0)?
-6
Let c be (-28)/(-15) + -2 + 161005/975. Let l(b) = -b**3 - 3*b**2 + c - 84 - 84. Calculate l(-3).
-3
Let g(x) be the third derivative of -1/60*x**5 - 1/24*x**4 + 11/6*x**3 + 1/120*x**6 + 8*x + 0 + 5*x**2. Let t be 0*(2 - 10/4). Give g(t).
11
Let k(d) = -63*d - 166. Let v(h) = 1770*h + 4645. Let y(o) = 170*k(o) + 6*v(o). Give y(-4).
10
Let u(x) = -x**3 - 2*x**2 + 1. Let h(a) = a**3 - a**2 - 2*a + 5. Let n(w) = -h(w) + 2*u(w). Let g be n(-2). Let p(l) = -5*l + 4. What is p(g)?
-21
Let y(u) = u**3 + 6*u**2 + 3*u - 2. Suppose -m + 3*q - 6*q = -45, -m = -3*q - 69. Suppose -t = -54 + m. Give y(t).
16
Let o(q) = 8*q - 31. Let b be o(4). Let x(n) = -2 + 341*n - b - 342*n. Let y(j) = j**2 - 11*j + 21. Let d be y(4). Determine x(d).
4
Let q(g) = 2*g + 2. Let t be (-3775)/(-150) - (-2)/(-12). Suppose -t*k + 60 = -15. Calculate q(k).
8
Let s be -3 - (-6)/((-2)/(-1)). Let r(v) = -v**2 - 2*v + 16. Let g be (1/(-2))/(13/26). Let h(b) = b. Let o(p) = g*r(p) - h(p). Calculate o(s).
-16
Let m(s) = s**3 + 3*s**2 - s + 3. Let o(g) = 3*g**2 - 3*g. Let t be o(-5). Suppose z + 4*k + 101 - 16 = 0, -z = 5*k + 83. Let d = t + z. Calculate m(d).
6
Suppose -5*c = -10, 42*k - 2*c = 46*k - 24. Let f(i) = 7*i**2 - 34*i - 2. Calculate f(k).
3
Let p(o) = o**2 - 4*o + 5. Let f be p(5). Let a(x) = 1159326*x + 27 - 1159331*x + 24. Let s be a(f). Let y(q) = -9*q**2. What is y(s)?
-9
Let h be 1*((-40)/4)/(-2). Suppose -h*a = 1515 - 1535. Let s(o) = o**3 - o**2 - 5*o + 5. Calculate s(a).
33
Let j = -3674 - -3674. Let q(d) = 2*d**2 + d + 124. Give q(j).
124
Suppose a = -z + 89, 0 = -0*z + 2*z + 3*a - 177. Let r be (-16)/(-6) + z/(-135). Let o(u) = 4*u + 20. Let d(f) = -1. Let v(g) = 20*d(g) + o(g). What is v(r)?
8
Let u(l) = -4*l - 5. Let b be (6 + -78)/((-1)/1). Let i = 69 - b. Calculate u(i).
7
Let d(w) = w**3 + 3*w + 1. Let q be (-2 - 1) + (-39)/(-13). Let r be d(q). Let m(b) = -1 + 0 - b + 1. What is m(r)?
-1
Let c(u) be the third derivative of -u**7/2520 + u**6/72 + u**5/20 + 131*u**4/24 - 16*u**2 + 3*u. Let r(w) be the second derivative of c(w). Give r(8).
22
Let s(q) = -1 - 2*q + 5 + 3*q. Let i(t) = 2*t**3 - 5*t**2 - 35*t + 38. Let j be i(5). Let c be s(j). Let p(w) = 2*w + 1. What is p(c)?
-15
Let q(b) = 2*b - 1. Let f = 318 - 159. Suppose r + 2*h + 49 = h, -3*h + f = -3*r. Let c be 2/7 + r/7. Give q(c).
-15
Let p(g) be the third derivative of -g**6/120 - g**5/20 + g**4/6 + 5*g**3/3 + 4*g**2 - 37*g. Give p(-3).
-2
Suppose 5*g = -4*x + 46, 30 = -16*g + 19*g + 3*x. Let s(m) = -m**3 + 8*m**2 - 11*m - 10. What is s(g)?
-4
Let w(j) = -j**2 - 2*j - 2. Let r be w(-3). Let g = -1 - r. Let x(c) = 303729*c - 2 + 2 - c**2 - 303726*c - 1 + 2. What is x(g)?
-3
Let q(o) be the first derivative of -o**4/4 + 5*o**3 - 7*o**2 + 28*o + 134. What is q(14)?
28
Suppose 331*v + 1181 + 143 = 0. Let m(a) = a**2 - 9*a - 43. What is m(v)?
9
Let z(q) be the second derivative of -q**5/60 + 7*q**4/24 - q**3 - 59*q**2/2 - 44*q. Let g(d) be the first derivative of z(d). Give g(7).
-6
Let k be 18 + (-12 - -12) + (-1 - 104/8). Let o(f) be the first derivative of 1/4*f**4 - 5*f - 5/3*f**3 + 1 + 3*f**2. Determine o(k).
3
Let r(c) = -c - 1. Let s = -49 + 56. Suppose s*l = 2*l. Suppose l = 3*h + 5*h + 32. What is r(h)?
3
Let m = -577 - -579. Let h(o) = -4*o - 2 + 0*o**3 - o + 9*o**2 - 14*o**m - o**3. What is h(-4)?
2
Let b(n) = -n**3 + n**2 - 2*n + 5. Let h(r) = 7*r**3 - 6*r**2 + 9*r - 27. Let f(d) = -11*b(d) - 2*h(d). Let a = -408 + 410. Determine f(a).
-13
Suppose 81 - 165 = 338*h + 254. Let y(s) = s**2 - s - 2. Calculate y(h).
0
Let m(h) = 3*h**2 + 6 + 0*h**2 - 20*h - 11. Let q(g) = -g**2 + 7*g + 2. Let w(u) = 2*m(u) + 7*q(u). What is w(7)?
18
Suppose -2703*l = -2636*l - 134. Let q(x) = x. Let t(d) = 1. Let w(s) = -q(s) + 3*t(s). Calculate w(l).
1
Let q(p) = -p**3 - 10*p**2 - 13*p - 1. Let b(r) = 10*r**2 - 332*r + 57. Let j be b(33). Determine q(j).
35
Let y(j) be the third derivative of j**5/60 + 13*j**4/12 + 25*j**3/2 - 3070*j**2. Calculate y(-3).
6
Suppose -10*k - 4 = -14*k. Let z be 312/60 - k/5. Let p(s) = -s**3 + 0*s**2 - 2*s + 6*s - 2 + 0*s - z*s**2. Determine p(-6).
10
Let t(h) be the first derivative of 31*h - 11 + 0*h**2 - 1/2*h**3 + 1/12*h**4. Let b(l) be the first derivative of t(l). Determine b(3).
0
Let z(r) = -2*r**2 - 515*r - 60 - 17 + 491*r. Determine z(-6).
-5
Let m(z) = z**3 - z**2 - 4. Suppose 1371 = 7*i + 454. Suppose -i + 122 = 3*s. What is m(s)?
-40
Let q(c) = -c**2 + 153*c - 4516. Let h be q(113). Let d(u) = u + 3*u - 2*u + 0*u + 5. Give d(h).
13
Let l(k) be the first derivative of 14 - 6*k - 4*k**2 + 5/3*k**3 + 1/4*k**4. Suppose 3*i + 9 = -9. Calculate l(i).
6
Let h(q) = -q**3 - 34*q**2 - 28*q - 948. Let t be h(-34). Let s(l) = -l**3 + 4*l**2 - 2*l + 3. What is s(t)?
-5
Let i(g) = -g**3 - 5*g**2 - 6*g + 7. Let q be i(-5). Let m(r) = r - 65 + 33 + q. Let k = 15 - 22. Give m(k).
-2
Let s(t) be the third derivative of -t**2 - 13/24*t**4 - 68 - 1/60*t**5 + 4/3*t**3 + 0*t. Determine s(-13).
8
Let n(s) = s**3 - 6*s**2 - 2*s + 7. Suppose 3 = 7*c - 4*c. Let l = 7 - c. Let a be n(l). Let k(u) = -u - 10. Calculate k(a).
-5
Let p(j) = -j**3 + 1